 is divided by 178.
168
Suppose 10*l = 9*l + 89. Suppose 0 = 65*v - 1577 + 342. What is the remainder when l is divided by v?
13
Suppose 7*z - 5 = 2. Suppose 5*h + 140 = 10*h. What is the remainder when h is divided by 1/((-4*z)/4) - -11?
8
Let s(d) = -10*d**3 + 35*d**2 - 18*d - 4. Let m(l) = 5*l**3 - 17*l**2 + 9*l + 2. Let k(w) = 5*m(w) + 2*s(w). Calculate the remainder when k(4) is divided by 60.
58
Suppose -35*y + 3*j + 1167 = -32*y, 2*y - 3*j = 773. What is the remainder when y is divided by 387?
7
Suppose -11*h + 6*h = 355. Let r = -69 - h. Suppose -3*v = 2*q - 4*v - 6, -r*v = -5*q + 16. Calculate the remainder when 10 is divided by q.
2
Suppose 34*j - 1311 = -17*j + 168. Calculate the remainder when 1331 is divided by j.
26
Let i = 586 + -100. Let v(q) = -q**2 + 5*q + 1. Let f be v(-16). Let r = i + f. Calculate the remainder when r is divided by 9.
7
Let z(n) = n**3 - 5*n**2 - 9*n + 15. Calculate the remainder when 3847 is divided by z(7).
47
Let l = -761 + 4069. What is the remainder when l is divided by 69?
65
Let p be 2/4*262 - -7. Suppose 20*k - 302 = p. Calculate the remainder when 47 is divided by k.
3
Let i(y) = -43*y + 577. Suppose -f - 2*v + 19 = 0, 0 = -4*f + 2*v + 149 - 33. Calculate the remainder when i(11) is divided by f.
23
Suppose 12*q + 18*q + 286 = 4066. Calculate the remainder when 1131 is divided by q.
123
Let b(t) = -25*t - 136. Calculate the remainder when 34/(-255) - (13928/15)/(-4) is divided by b(-7).
37
Let z(h) = -h**3 - 12*h**2 - 29*h - 56. Let o(f) = f + 3. Let j(g) = -6*o(g) - z(g). What is the remainder when j(-9) is divided by 18?
2
Let k be (-9)/1 - (-3 + 3/(-3)). Let z(a) = -12*a - 7. Let u(p) = -11*p - 5. Let c(h) = 4*u(h) - 3*z(h). Calculate the remainder when 80 is divided by c(k).
39
Calculate the remainder when ((-2)/3)/(-2 + 1193*(-1)/(-597)) is divided by 44.
2
Suppose -22 = -5*k + 68. Suppose -2*g = b, k = -g + 2*b + 2*b. Calculate the remainder when 872/40 - g/10 is divided by 4.
2
Suppose 0 = b - 4*d - 29, -b - d + 20 = 4*d. Let t be -3 - (-5)/(b/(-5)). Calculate the remainder when 44 is divided by -30*(28/8 + t).
14
Let n = 18102 - 18095. Calculate the remainder when 2329 is divided by n.
5
Let i be (-16)/((-434)/86 - -5). Let a = i - 234. What is the remainder when a is divided by 28?
26
Let r(s) = 725*s + 5319. What is the remainder when r(-7) is divided by 23?
14
Suppose 4*c - 22*l + 18*l - 3148 = 0, 4*l - 13211 = -17*c. What is the remainder when c is divided by 29?
25
Let b(u) = -5*u - 25. Let i be b(-8). Suppose -i*t + 19*t - 488 = 0. Calculate the remainder when t is divided by 33.
23
Let u(b) = -780*b - 11675. Let h = 583 - 187. Calculate the remainder when h is divided by u(-15).
21
Let g = -63 + -33. Let o = 305 + g. Calculate the remainder when o is divided by 6.
5
Let m(x) = x + 209. Suppose -g - 225 = -10*g. What is the remainder when m(33) is divided by g?
17
Suppose 2368 = -16*y + 3072. Calculate the remainder when 1536 is divided by y.
40
What is the remainder when 261 is divided by ((-795)/25)/(((-105)/100)/7)?
49
Let u(r) = -100*r**3 + 7*r**2 + 11*r + 71. What is the remainder when u(-4) is divided by 12?
11
Suppose 2*g - 286*q + 288*q - 38 = 0, 4*g = -5*q + 73. What is the remainder when 2477 is divided by g?
13
Let y = -282 + 296. Calculate the remainder when 70/1 + 2 + (y - 13) is divided by 16.
9
Suppose 37*l - 741 = 4*l + 84. What is the remainder when 3/4 + 978/8 is divided by l?
23
Let o = -6775 + 6909. What is the remainder when 398 is divided by o?
130
Let y = -2102 - -2869. What is the remainder when y is divided by 85?
2
Suppose -b - 9 = -4*p, 5 = -2*b + 3. Suppose 2*h - 5*m = -3*h + 80, -4*h = -p*m - 66. What is the remainder when -1*((-2 - 0) + -45) is divided by h?
13
Let y = -266 - -336. What is the remainder when 1554/y*5*2 is divided by 8?
6
Let u = 3376 - 3339. Calculate the remainder when 2552 is divided by u.
36
Let h(n) = 508*n - 5073. What is the remainder when 117 is divided by h(10)?
5
Suppose 16*r - 536 = -3416. Let w = r + 194. Suppose -b + 0 = -39. Calculate the remainder when b is divided by w.
11
Let d be -906*(-3)/15 - (-32)/40. Suppose 2*j - 5 = -213. Let w = d + j. Calculate the remainder when w is divided by 16.
14
Suppose -5*z - 120 = -z. Let f = 43 - z. Suppose -8*s + f + 47 = 0. What is the remainder when 43 is divided by s?
13
Suppose 5*f = -5, 156*f = 3*s + 157*f - 626. What is the remainder when s is divided by 40?
9
Let j = 9875 + -7659. Calculate the remainder when j is divided by 131.
120
Suppose 0 = 2*d + 4*w + 116, 0 = -3*d - 10*w + 5*w - 170. Let y = d + 60. Calculate the remainder when (915/(-75))/((-2)/y) is divided by 13.
9
Calculate the remainder when 1614 is divided by 3330/36 - 20/(-8).
94
Suppose 615 = -21*j + 26*j. Let z be (1/((-6)/j))/((-5)/20). Suppose 0 = 3*p - 5*p + z. Calculate the remainder when 119 is divided by p.
37
Suppose 2*v + 0*y - 2*y = 20, 0 = 5*v - 3*y - 50. Let g = -318 + 1186. Calculate the remainder when 204/54 - 4 - g/(-18) is divided by v.
8
Let d = -440 - -543. Calculate the remainder when d is divided by 18.
13
Let k = 45 - 25. Calculate the remainder when (93/(-4))/(1020/(-1360)) is divided by k.
11
Suppose -3*i = -5*h - 1162, -4*h - 394 + 16 = -i. Suppose 5*w + 349*k - 163 = 347*k, 0 = -2*k - 2. What is the remainder when i is divided by w?
31
Let a(i) = 2*i**2 + 54*i + 359. Calculate the remainder when 337 is divided by a(-7).
21
Let i = -219 + -14. Let d = i + 251. What is the remainder when 176 is divided by d?
14
Suppose 10*d + 1099 - 2889 = 1240. What is the remainder when d is divided by 16?
15
Calculate the remainder when (-2330)/((-2)/(-8)*(-92)/46) + 1 is divided by 29.
21
Let u = 14 - 10. Suppose u*r - 113 = -5*f, 0*f = 3*f - 4*r - 55. What is the remainder when (1 - 9)/((-13)/91) is divided by f?
14
Let n(t) = -2 - 36*t - 16 - 2*t**2 - 10. Calculate the remainder when n(-13) is divided by 26.
24
Let a = 316 + -354. Let l = a + 40. Calculate the remainder when (2 - 3)/1 - -5 is divided by l.
0
Let x be 5 - (2 + (-3 - -2)). Suppose x = -5*y - 236. Let r = y + 62. Calculate the remainder when 67 is divided by r.
11
Calculate the remainder when ((-8118)/45)/(40/(-100)) is divided by 199.
53
Let u be (38 - 2)/(2*1/2). Let k = u + -16. Let v(l) = 5*l + 43. What is the remainder when v(7) is divided by k?
18
Suppose 694*s = 695*s - 3*k - 24, s = 5*k + 18. What is the remainder when 459 is divided by s?
30
Suppose 26*l = 34*l - 16. Let n(g) = 20*g**3 + g - 1. Let u be n(1). Suppose -3*v - l*v = -u. Calculate the remainder when 15 is divided by v.
3
Suppose -5*h + 1419 = 4*o, h - 3*o - 467 = -168. Calculate the remainder when h is divided by 72.
71
Let u be 10/(-4)*(-3)/(-6)*-4. Suppose 0*a - 3*a + 1 = -u*m, -11 = -a - m. Let f = a - -10. What is the remainder when 32 is divided by f?
15
Suppose -4*t - 3*d + 339 = 0, -5*d = -0*t + 3*t - 268. What is the remainder when 322 is divided by t?
79
Suppose 3*c = -2*p - 7, 0 = p + 4*p + c - 2. Let o be (92/12)/(p/3). Calculate the remainder when 4/(-2) - o*-1 is divided by 6.
3
Suppose 2*f + 6 = -f, -j = 3*f - 676. Let v = -570 + j. What is the remainder when v is divided by 39?
34
Suppose 40826 = 153*d - 178. What is the remainder when d is divided by 8?
4
Suppose 887*w = 1057*w - 214540. What is the remainder when w is divided by 312?
14
Suppose 6400 = -18*f + 42*f + 56*f. What is the remainder when 375 is divided by f?
55
Suppose 5*f - 6 = 144. Let x be 5/30 + (-35)/f. What is the remainder when 294/12 - (0 - x/2) is divided by 9?
6
Suppose 5*u + 5*f - 435 = 0, -9*f = 2*u - 4*f - 174. What is the remainder when u is divided by 33?
21
Let k(z) = -2*z**2 - 14*z + 19. What is the remainder when (-6)/(-15) + 448/5 is divided by k(-7)?
14
Suppose 549 = 80*c - 171. What is the remainder when 88 is divided by c?
7
Let z(f) = -6*f - f**3 + 16*f - 4 - 3*f**2 - f**2. Suppose -6*a - 32 = -4*a + 4*j, 5*a + 15 = 3*j. Calculate the remainder when z(a) is divided by 6.
2
Let j be ((-5)/10*0)/2. Suppose 12*c + 21 - 93 = j. Calculate the remainder when 24 is divided by c.
0
Let o(d) be the second derivative of -5*d**3/6 - 93*d**2/2 + 6*d - 4. Calculate the remainder when 117 is divided by o(-27).
33
Let g(s) = s**2 - 53*s + 741. Calculate the remainder when 226 